78*f + 141. Let j(h) = -9*s(h) - 4*u(h). Is j(7) composite?
True
Suppose 3*n + 79523 = -515*h + 516*h, 238525 = 3*h + 2*n. Is h composite?
True
Suppose f = 3*f - 10. Suppose f*w - 19 = 3*v, -4*w = 3*v + v + 4. Is (83/v)/(-2*(-2)/(-12)) a composite number?
False
Let x(j) = -578*j - 2717. Is x(-35) composite?
True
Let g be (57/38)/(2/92). Suppose 922 = 4*a - 2*n, a - g - 149 = 3*n. Is a a prime number?
True
Suppose 3*g + 98000 = 5*c, -7*c - 23672 + 160856 = -g. Is c a composite number?
False
Is -60 + 77 - (0 + -14570) a prime number?
False
Let f = -2311 - -2296. Suppose -3*b - i - 1 = -4, -b + i + 5 = 0. Is 2/b - (-282 + f) a prime number?
False
Let k = 11347 + 25228. Is -4 - -8 - k/(-5) composite?
True
Let g = -2693 + 4711. Suppose u = -u + g. Is u prime?
True
Suppose -279 = 14*f - 223. Is f + (-29238)/18*-6 composite?
True
Let d(h) = -2902*h + 129. Let i be d(-17). Suppose 17137 - i = -14*m. Is m prime?
True
Let d = 275400 - 71221. Is d prime?
False
Is (-1 + (6 - 13) + 7)*-5779 a prime number?
True
Suppose -37*o + 35705 + 126540 = 0. Is o a composite number?
True
Let t(l) = 435*l**2 - 6*l - 15. Let y be t(-2). Suppose 5*u + 6899 + y = z, -3*z = u - 25860. Is z a composite number?
True
Suppose -6*s + 3*s + 6 = 0. Suppose -x + 461 + 581 = s*f, 1042 = x - 3*f. Suppose w - 3*w = -x. Is w composite?
False
Suppose -43*o - 576033 = -2666306. Is o composite?
False
Suppose -6*u - 342173 = 28*u - 47*u. Is u a prime number?
True
Suppose -5*v = -5*t - 64303 + 204543, 2*v - 140303 = -5*t. Is t prime?
True
Suppose -2*z - 3*z + 2665 = 0. Let m = z - 296. Let k = -50 + m. Is k a composite number?
True
Suppose -71*r + 2460105 = -4425404. Is r composite?
False
Let r(i) = -8*i**3 - 7*i**2 + 5*i + 11. Suppose 4*v - 8 = 2*b, 20 = 5*b + 2*v + 4. Let x be (-150)/24 - b/(-8). Is r(x) a composite number?
True
Let u = -34838 + 59235. Is u composite?
True
Let a = 3312729 - 790436. Is a prime?
True
Let q = -30 - -25. Let i(r) = -4*r**3 + 2*r**3 + 7*r**2 - r - 8 - 4*r**3 + r**3. Is i(q) composite?
False
Suppose 0 = -4*v - 3*x + 39181, 3*v + x = -377 + 29759. Is v composite?
True
Let b(v) be the first derivative of -5873*v**4/4 - v**3/3 + v**2/2 + 2*v - 25. Is b(-1) prime?
False
Let l = -121 + 993. Let a = l + -460. Suppose 0 = -6*g - a + 1966. Is g composite?
True
Is 8*((-24972157)/(-56))/41 composite?
False
Let m = 402335 - 253904. Is m a composite number?
True
Let r = -356524 + 715055. Is r a composite number?
False
Suppose -2*a - u = -8, 4*u + 5 = 3*a - 7. Let p(q) = q**3 + 4*q**2 + 4*q + 16. Let k be p(-4). Suppose 0 = -k*n + a*n - 2164. Is n a composite number?
False
Suppose 4 = o - 3*y, -18*o - 2*y = -15*o - 12. Suppose -p + 1626 = h - 11899, 0 = -p + o*h + 13515. Is p a composite number?
False
Suppose 72 = 64*g - 76*g. Is (-6 + 15/g)/(2/(-388)) a composite number?
True
Let s = -157 - -160. Suppose 2*k = -t + 5828, -5830 = -t - s*k - k. Suppose -8*p + t = -1542. Is p prime?
False
Let g(c) = -206*c**3 + c**2 - c + 1. Let t be 2/5 + 12/(-5). Let l be g(t). Suppose 0 = 4*i + i - l. Is i a composite number?
False
Let g(b) = 4348*b + 40. Let x be g(-3). Is x/(-3*(-24)/(-18)) a composite number?
False
Suppose -2*m = -231708 - 734734. Is m composite?
False
Let q = 176 - 174. Suppose 5*u + 6795 = 8*u - 3*v, -q*u - 2*v + 4546 = 0. Is u a composite number?
False
Suppose -o = -4*k + 8, 4*k = -5*o - 0*k + 80. Suppose -40668 = -o*s - 0*s. Is s prime?
True
Suppose 0 = -6*o + 10*o + 2*d - 90, -3*o + 85 = 5*d. Is (-65196)/(-60) - (-8)/o a prime number?
True
Suppose 4*t - 9322 = -2*r, -718 = -3*t - r + 6276. Is t a composite number?
False
Let d = 5452 + -3685. Let z = d - -2045. Suppose s - z = -4*h, -563 = -4*h - 2*s + 3249. Is h prime?
True
Let s = -145 + 136. Is (3 - 6)*1 + (629 - s) a prime number?
False
Suppose 0 = 5*n - 13*n + 48. Suppose 0 = -5*c - 5*i + 5265, -n*c + c - 4*i + 5261 = 0. Is c a prime number?
True
Let j(b) = 3*b**2 - 23*b + 54. Let t be j(15). Let g = t + 43. Is g prime?
False
Let u(z) = -9700*z + 1237. Is u(-13) a prime number?
False
Let o = 1548680 - 1042462. Is o composite?
True
Let z = -318 - -348. Suppose -35336 = -z*a + 35734. Is a prime?
False
Is 163061 + 11/((-66)/(-12)) + (-4)/2 a composite number?
False
Let u = 34 - 33. Let p be (2 - u)*(9 - -1)/5. Let c(q) = 19*q**3 + q**2 + q - 1. Is c(p) composite?
False
Suppose 24*m - 95 = 5*m. Let t(u) = 54*u**3 + 8*u**2 - 37. Is t(m) prime?
False
Suppose -2*r - 12 = t - 95, 0 = -2*t + 5*r + 139. Is 41950/22 + 14/t composite?
False
Let c = 57840 - 37548. Let g = c - 13361. Is g prime?
False
Let p = -20022 + 19994. Let c = -4198 + 6184. Is p/14 - c/(-2) a prime number?
True
Let y = -103 + 101. Let b be (y/4)/(3/60). Is b/2*(1/1 - 360) composite?
True
Let q(l) = 3*l**2 - 17*l + 10. Let p be q(6). Is 57/(-4)*p/24*-346 prime?
False
Let d be 2/8*(-10 - -18). Suppose 2 = -d*t, 5*k - 5*t - 60160 = -0*t. Is k composite?
True
Let x(f) = 2*f + 26*f**2 + 21*f**3 + 14*f**3 - 34*f**3 - 7. Is x(-16) composite?
False
Suppose 3*b - 3680725 = -5*s, -28*s + 27*s = 4. Is b composite?
True
Suppose -899158 = 28*y - 12*y - 18*y. Is y composite?
True
Let f be -2*(-4)/8 + -1. Suppose -4*z - 7*z + 10483 = f. Is z composite?
False
Suppose -8785493 = -2451*k + 2420*k. Is k a composite number?
False
Suppose 4738 = 17*f - 16*f. Let u = -2899 + f. Is u a composite number?
True
Let f = -450174 - -1329317. Is f a prime number?
True
Suppose -2*j = -5*v + 1335947, -2*j + j + 4 = 0. Is v a prime number?
False
Let j = 569 - -1028. Is j a composite number?
False
Let v(t) = t**3 - 30*t**2 + 4*t - 98. Let x be v(29). Let s = x - -9980. Is s a prime number?
True
Let n be (-7)/14*22*7. Let a = 81 + n. Let z(f) = 2*f**3 + 7*f**2 - 5*f - 9. Is z(a) prime?
True
Let q(c) = -134*c + 2. Let z(u) = -u**3 + 10*u**2 - 2*u + 20. Let v be z(10). Suppose 16*g - 4*g + 48 = v. Is q(g) a prime number?
False
Suppose -h = z - 8799, 3*z + 4*h + 15568 = 41966. Is (z/3)/((-36)/(-54)) prime?
False
Let y(h) = h**3 - 20*h**2 - h + 20. Let z be y(20). Suppose 5*u - 3*u - 3386 = -2*g, g = z. Is u a composite number?
False
Let t = -1432 + 3146. Let q = -455 + t. Is q composite?
False
Let g = 8 - -9. Suppose -13*i + g*i = 21412. Is i a prime number?
False
Let a = 57 + -53. Suppose 5*i - 4 - 18 = -a*l, -5*l + 19 = 2*i. Let n(b) = 244*b + 13. Is n(l) a composite number?
True
Let a(q) = 19*q + 27. Let u be a(-3). Is (9830/u)/((-1)/3) composite?
False
Let v(j) = 3806*j**2 - 69*j - 311. Is v(-6) a composite number?
False
Suppose 293*l = -374*l + l + 42936354. Is l a prime number?
False
Let s be (-4)/9 + 789430/90. Let w = s + -984. Is w prime?
False
Let r = -94342 - -138672. Suppose z = -2*x + 29550, 2*x - z - r = -x. Suppose -11*t = -3*t - x. Is t a prime number?
True
Let m = -30 - -33. Let r be -1 + (18/m)/1. Suppose -r*i = 4*g - 127, 0 = 2*i + 3*i + 3*g - 124. Is i prime?
True
Suppose -t + 4872 = 5*t. Suppose -2*n + t = -1188. Suppose 11984 = 4*d + 3*a, -d = -3*a - 2011 - n. Is d composite?
False
Suppose 4*f = o - 764, 0 = 8*o - 3*o. Let y be 0 + 0 + 1 - 5. Is f*(-5 - y)*1 a composite number?
False
Suppose 33*h = -32*h - 3*h + 11184028. Is h composite?
False
Let m be -1 - (-31 + (5 - 3 - 5)). Let u be (-3 - m/(-9))*102/(-4). Let a = 102 - u. Is a prime?
False
Let m = 89 + -89. Suppose 8*s - 113 - 447 = m. Let n = -24 + s. Is n a composite number?
True
Let o(h) be the third derivative of 2933*h**5/60 + h**4/8 + h**3/2 - 2*h**2 - 24. Is o(-1) a composite number?
True
Let v(j) = 239*j + 16. Let w be v(5). Let q = w - 201. Suppose 3*d - q = d. Is d composite?
True
Suppose 7*n - 12 = 44. Suppose 0*s - 2*s + n = 0. Suppose -4*h + 2728 = s*h. Is h composite?
True
Let w be 1 + 4/((-8)/10). Suppose -c - 3 = 1. Is (-278)/w + c/8 a prime number?
False
Is ((-30)/4)/(48/(-631648)) a prime number?
False
Let w(o) = o**3 + 6*o**2 - 3*o - 11. Let b be w(-6). Suppose -b*q = -11*q + 17416. Let x = -2993 + q. Is x prime?
True
Let h = 9 + 25. Let t = 43 - h. Is (-194)/(((-6)/t)/2*3) prime?
False
Let x(i) = -i**2 - 10*i + 36. Let d be x(18). Let s = d + 838. Let p = s + 263. Is p a prime number?
False
Is 32/(-26)*(-28)/224 + 166385/13 a prime number?
True
Suppose -95*p = -129*p + 917640 + 2482462. Is p prime?
True
Let c = -24436 + 90737. Is c composite?
False
Let f = 202222 + -143239. Is f a prime 